tors of i(7)?
2
Suppose 4*b - 5 = 3. Suppose 0 = -b*w - 0*w + 28. List the prime factors of w.
2, 7
Suppose 0 = -8*r + 9*r - 54. What are the prime factors of r?
2, 3
Let v(t) = 18*t + 11. What are the prime factors of v(9)?
173
Let s(i) = 2*i**2 - 6*i + 4. Let r be s(4). Let q be ((-3)/(-9))/(2/r). Suppose -l = o - 13, q*l - l = 1. List the prime factors of o.
2, 3
Suppose -2*k - 4*u = 18, -2*k + 7 = 3*k - 3*u. List the prime factors of (k + -3 + 0)*-1.
2
Let q(s) = 23*s**3 - 2*s - 1. Let x be q(-1). Let y = -7 - x. What are the prime factors of y?
3, 5
Suppose 0 = 4*v - 0 - 12. Suppose 5*o + 1 + 4 = -2*x, 4*o + 4 = -v*x. Suppose 4*h - 11 - 25 = x. What are the prime factors of h?
3
Let p = -8 + 19. List the prime factors of p.
11
Suppose -45 = -5*w + 3*m, -4*w - m + 45 + 8 = 0. What are the prime factors of w?
2, 3
Let v(n) = 6*n + 2. Let h be v(2). Let m = 20 - h. Suppose m*g = g + 15. List the prime factors of g.
3
Suppose i + 2*d - 8 = 3*i, -2 = -i - d. What are the prime factors of i/((-1)/(-26)*-2)?
13
Let s(w) = 2*w - 6. Let f be (-1)/3 + 22/3. Let p be s(f). Let b = -3 + p. List the prime factors of b.
5
Suppose -5*p = -25, 6 = 2*b + 2*p - 4. Suppose 226 = 5*t - b*t + h, 5 = 5*h. What are the prime factors of t?
3, 5
Suppose -h + 2 = 4*w, -3*w = 2*h - 0*h + 6. Let y = h - -8. What are the prime factors of (-10 + 0)*y/(-2)?
2, 5
Let k = 14 - -29. Let p = 71 - k. List the prime factors of p.
2, 7
Let y(q) = -8*q - 1. Let g be y(-2). What are the prime factors of -6*(g/9)/(-1)?
2, 5
Let h = 57 + -49. List the prime factors of h.
2
Let p(r) = 57*r. Let k be p(-1). What are the prime factors of 1 + (-1 - (k + 4))?
53
Suppose -k + 6*k + 25 = 0, -4*p - 15 = 3*k. Suppose -4*o + 35 = w - o, -2*w + 4*o + 110 = p. What are the prime factors of w?
47
Let c(x) = -x**3 - 8*x**2 + 9*x + 6. List the prime factors of c(-9).
2, 3
Let y be 156/(-42) - (-2)/(-7). Let l = 32 + y. What are the prime factors of l?
2, 7
Suppose 0 = -3*y + 5*g + 71, 3*g - 51 = -4*y + 5. What are the prime factors of y?
17
Suppose -2*o - 7*o = -963. List the prime factors of o.
107
Suppose 6 = 3*s - 4*s. Let l be (s/2)/(-3) + -3. Let a(z) = -3*z**3 - 2*z**2 - 2*z - 3. What are the prime factors of a(l)?
17
Let t = -14 + 28. List the prime factors of t.
2, 7
Let a = -107 + 58. Let b = a + 71. List the prime factors of b.
2, 11
Let s(f) = 4*f**2 + 11*f - 6. Let v be s(-5). Suppose 4*u - 9 - v = 0. List the prime factors of u.
2, 3
Suppose 31*x + 384 = 37*x. List the prime factors of x.
2
Let c = -2 - -4. Suppose -c*n - n = -6. Let v = n + 10. What are the prime factors of v?
2, 3
Let y(m) = m**3 - 7*m**2 + 6*m + 4. List the prime factors of y(6).
2
List the prime factors of 1 + (662/1)/2.
2, 83
Let x(b) be the first derivative of b**3/3 - 2*b**2 + 2*b - 3. What are the prime factors of x(5)?
7
Suppose 6*i = 12 + 6. List the prime factors of i.
3
Let b(m) = -m**3 - 2*m**2 - 2*m + 2. Let a be b(-2). Suppose 2 = 2*h - a. List the prime factors of h.
2
What are the prime factors of -5*(-5)/50*122?
61
Let a = 10 + -6. Suppose 5 = 5*x - 2*n, 3*n = a*x - 2*n - 4. Suppose -4*m + 12 = -2*s, -2*m + x = -7. List the prime factors of s.
2
Let n(r) = -r**2 + 7*r - 1. Let f be n(5). List the prime factors of 26/3*f/6.
13
Let p = 8 - 6. Let y = p + -2. Suppose -2*v - v + 30 = y. What are the prime factors of v?
2, 5
Let k = 16 + 8. List the prime factors of k.
2, 3
Let j = 26 + 43. Suppose -5*q + 3*q = -3*f - j, 0 = -2*f - 5*q - 46. Let i = -10 - f. List the prime factors of i.
13
Suppose 0 = -h + 7 + 20. What are the prime factors of h?
3
Let o(x) = x**2 + 4*x - 2. Let s be o(-5). Suppose -11 = -s*j + 25. What are the prime factors of j?
2, 3
What are the prime factors of 1/(276/(-855) - (-3)/9)?
5, 19
Let a(m) = m + 8. Let u be a(-10). List the prime factors of (u - -4) + 8/2.
2, 3
Suppose -3*a + 12 = 0, -3*j = -2*j + 3*a - 27. What are the prime factors of j?
3, 5
Suppose -5*k + 0*v + 44 = -2*v, -k - 2 = -4*v. Let q(a) = a**2 - 9*a - 5. What are the prime factors of q(k)?
5
Suppose -y - 78 = -3*c + 96, 3*y = 2*c - 123. What are the prime factors of c?
3, 19
Let y(g) = 9*g**2 - 4*g + 3. What are the prime factors of y(2)?
31
Let z(t) = -3*t + 3. Let x be z(-3). Let h be 2 - 3*(-2 + -3). Let a = h - x. List the prime factors of a.
5
Let n be 1/(1/7 + 0). Let t(a) = -a**3 + 8*a**2 - 4*a - 9. List the prime factors of t(n).
2, 3
Let t(k) = 19*k - 4. What are the prime factors of t(8)?
2, 37
Suppose -2*v + 552 = v. List the prime factors of v/7 - (-2)/(-7).
2, 13
Let u(a) = -a**3 - a**2 + a - 1. Let r be u(-2). Let y(d) = 13*d**3 - d**2 + d. List the prime factors of y(r).
13
Suppose 0 = -4*x + 62 - 2. List the prime factors of x.
3, 5
Let m(d) = -d**3 + 9*d**2 - 14*d - 6. What are the prime factors of m(6)?
2, 3
Let f = 1 + -1. Suppose f = w + w - 4*n - 22, -12 = 3*n. List the prime factors of w.
3
Let a(w) = -w**3 - 2*w**2 + 15*w + 3. What are the prime factors of a(-6)?
3, 19
Suppose -384 = -5*c - 69. What are the prime factors of c?
3, 7
Suppose -1041 - 111 = -12*u. List the prime factors of u.
2, 3
Suppose -5*p + 5*j - 26 = 2*j, -24 = 5*p - 2*j. Suppose 0*d = 3*d + 54. Let n = p - d. List the prime factors of n.
2, 7
Let j(z) = 6*z - 1. Let b(t) = 4*t - 1. Let f(p) = 8*b(p) - 5*j(p). Suppose 0 = 4*x - x - 18. List the prime factors of f(x).
3
Suppose 5*a + 3 - 1 = -4*t, -a - 8 = -3*t. Suppose 5 - 22 = -t*v + 5*o, 3 = 3*o. List the prime factors of v.
11
Suppose -19*s + 15*s = -100. List the prime factors of s.
5
Let v be ((-8)/6)/((-11)/33). Let i = 13 - v. What are the prime factors of i?
3
Suppose 4*u = 2*a - 0*u - 186, 6 = -2*u. What are the prime factors of a?
3, 29
Let s = 7 + -14. Let u(q) = q**3 + 8*q**2 + 5*q + 2. List the prime factors of u(s).
2
Let c(t) = -7*t - 6. Let f(x) = -x. Let i be f(4). List the prime factors of c(i).
2, 11
Let j(p) = p. Let a(b) = b**2. Let l(r) = a(r) + 2*j(r). List the prime factors of l(-4).
2
Let l(t) = t**3 + 8*t**2 - 10*t - 2. List the prime factors of l(-9).
7
Let d(v) = -1 - 2 - v**3 + 5*v**2 + 2*v**3 - 2*v. Suppose 20 = -x - 3*x. What are the prime factors of d(x)?
7
Suppose 0 = -l - 5*b + 82, 0*b - 408 = -4*l - 4*b. List the prime factors of l.
107
Let j(i) = 3*i**2 - 2*i - 8. List the prime factors of j(5).
3, 19
What are the prime factors of (-6)/(-18)*1*201?
67
Let t be (-10)/(-3)*18/15. What are the prime factors of -3 + t - (1 + -30)?
2, 3, 5
Let h(p) be the third derivative of p**5/6 + p**4/24 + 2*p**2. List the prime factors of h(-1).
3
Let p(g) = g**3 + 10*g**2 - 35*g - 18. What are the prime factors of p(-11)?
2, 3, 41
Let x = 1 + 47. List the prime factors of x.
2, 3
Suppose -v = 2*v - 114. What are the prime factors of v?
2, 19
Let g be 256/(-20)*10/2. Let o = g + 97. What are the prime factors of o?
3, 11
Let p(d) = d - 4. Let v be p(5). Let n(i) = -19*i**3 + 2*i**2 - i. Let r be n(v). What are the prime factors of (-122)/r - 4/(-18)?
7
Let z(k) = -k**3 + 9*k**2 - 6*k - 10. Let g be z(8). Suppose -u - 25 = -g*u. List the prime factors of u.
5
Let j(m) = -28*m - 2. What are the prime factors of j(-2)?
2, 3
Let k(q) = -q**3 + 8*q**2 + q. Let m be k(8). Suppose -10*o + m*o = -22. List the prime factors of o.
11
List the prime factors of ((-11)/(-2))/(21/588).
2, 7, 11
Let h = 96 + -134. Let s be h/(-14) + (-2)/(-7). What are the prime factors of (s/3 - -1) + 2?
2
Let x(n) = -n**2 + n + 54. Let h be x(0). Suppose 5*w = -3*a + 165, 2*w - 131 = a - h. List the prime factors of w.
2, 3
Let b = 32 + -28. Let l(s) = -3*s + 6. Let g(m) = m - 1. Let h(k) = 5*g(k) + l(k). What are the prime factors of h(b)?
3
Let r(y) = y**3 + 5*y**2 + 5*y + 2. Let a be r(-4). Let j be 192/a*(-3)/6. Suppose t - j = -3*t. What are the prime factors of t?
2, 3
Let t = 208 + -1. List the prime factors of t.
3, 23
Let q(k) = -4*k - 8. Let u be q(-6). Let s = 12 + -20. Let o = u + s. What are the prime factors of o?
2
Let k = -17 - -28. Suppose 29 = q + k. List the prime factors of q.
2, 3
Let g(r) = 1 - 3 + r**2 - 4 + 5*r. Let f be g(-6). Suppose f*z - 3*z + 15 = 0. List the prime factors of z.
5
Let r = -54 + 87. List the prime factors of r.
3, 11
Suppose -4*j = -18 - 34. Suppose -2*l + j = -15. List the prime factors of l.
2, 7
Let b be -2 - (15 - (4 + -1)).